of r?
3
Let j(k) = -3*k + 219. What is the tens digit of j(-6)?
3
Let z = 29 + -27. Suppose 10 = l - z*i, -9 - 14 = -2*l + i. Suppose -3*k + 117 = -7*j + 2*j, 0 = 4*j - l. What is the tens digit of k?
4
Let s(b) = 2*b**3 + b**2 + b + 1. Let x be s(-2). Let r(j) = -8*j + 1. Let c(g) = -19*g + 3. Let h(p) = -6*c(p) + 15*r(p). What is the units digit of h(x)?
5
Let a(j) = 2*j**3 - 15*j**2 - 7*j - 17. Let m be a(8). What is the tens digit of ((-138)/m)/(3/(6*3))?
9
Let t(r) = 1 + 4 + 29*r - r**2 - 32*r. Let q be t(4). Let d = q - -35. What is the units digit of d?
2
Suppose 0 = 4*m - 2*d - 6098, 5*m + d + 2*d = 7606. What is the hundreds digit of m?
5
Suppose 0 = 96*i - 448616 - 29368. What is the thousands digit of i?
4
Suppose 3*x = 2*x - 1. Let q(d) = -43*d + 1. What is the units digit of q(x)?
4
Suppose -g + 4 = 2*d - 1, -5*g = 15. Suppose 4*a - 45 = -d*q + q, -q - 1 = -4*a. Suppose 14*k - q*k = 171. What is the tens digit of k?
5
Let v(t) = -t**3 - 4*t**2 + 3*t - 5. Let b be v(-3). Let r(c) = 2*c**2 + 47*c + 41. What is the tens digit of r(b)?
1
Let z be ((-1956)/15)/((-1)/5). Let t(c) = 11*c - 28. Let k be t(2). What is the tens digit of k/(-33) - z/(-44)?
1
Suppose -5*d + 145 = -5*k, 0 = 2*d + 4*k - 2*k - 46. Let m = d + -29. What is the units digit of -1 - (m + 2 - 24)?
4
What is the units digit of ((-1)/(-4))/(6/1752)?
3
Suppose -11*m = -5*m - 174. Suppose -6*n + 5*n = -m. What is the units digit of n?
9
Suppose 272 + 214 = 6*w. What is the units digit of w?
1
Let n(j) = 109*j**2 + 2*j + 3. Let p = 39 - 40. What is the units digit of n(p)?
0
Suppose x = 20*x - 6498. What is the hundreds digit of x?
3
Let a = -52 + 149. What is the tens digit of a?
9
What is the tens digit of -1 - (-6 + 4 + -24)?
2
Let z be 1 + (30/5 - 2). Suppose 7 = z*y - 8, 5*y = s + 114. Let d = 181 + s. What is the tens digit of d?
8
Let y(n) = 103*n + 112. What is the thousands digit of y(15)?
1
Let t be ((-2)/7)/((-5)/35). Let p(l) = -3*l**t - 8*l + 4*l**2 + 13 - 6. What is the units digit of p(10)?
7
What is the hundreds digit of (11 - 14 - 362/(-2)) + -2?
1
Let c = -52 - -56. Suppose -4*x + 267 = 5*r, -c*r + 4*x + 226 = x. What is the tens digit of r?
5
Let n be 18/(-81) - (-47)/9. Suppose 13*h = n*h + 1696. What is the hundreds digit of h?
2
Let z(w) = -6*w - 6*w + 18 - 6*w - 2*w. Let o(v) = -7*v + 6. Let s(y) = 11*o(y) - 4*z(y). What is the units digit of s(8)?
8
Let m(u) = -u - 7. Let z(n) = 1. Let c(o) = -o + 3. Let p(d) = c(d) - 4*z(d). Let y(f) = m(f) + 3*p(f). What is the units digit of y(-4)?
6
Let h = 11 - 8. Suppose 4*j - 7 = -h*m + 4, 0 = -2*m + 2. Suppose j*q = -2*q + 112. What is the tens digit of q?
2
Suppose s + 12*z - 17*z - 33 = 0, 0 = s + 5*z - 33. What is the tens digit of s?
3
Let z(o) = 5*o + 1. Suppose 3*q - 23 = -2. Let j be z(q). Suppose 4*n = 2*x + 22, -n - 5*x = 2*n - j. What is the units digit of n?
7
Let r(d) = -d + 11. Let c be r(6). Suppose -20 = -c*f + 10. What is the units digit of 12*(10/f + -1)?
8
Suppose 13*d - 11*d - 120 = 0. Suppose f - 3*r = 6*f - 60, 3*f = 3*r + d. What is the units digit of (-3 + (-68)/(-20))*f?
6
Let z = 1321 - 670. What is the units digit of z?
1
Suppose t + 5*u = 6, 4*t = -0*u + 4*u - 72. Let q = t + 28. What is the tens digit of q?
1
Let l(m) = -m**3 + 7*m**2 - 7*m - 4. Let h = 25 + -20. What is the units digit of l(h)?
1
Suppose 26 + 24 = 2*c. Suppose -16 = -7*t - 2. Suppose -t*g + 17 = -c. What is the units digit of g?
1
Let d = -3 + 5. Suppose 2*s - 74 = 3*z - 21, -s + d*z = -24. What is the tens digit of s?
3
Let w = -699 + 789. What is the tens digit of w?
9
Let j be (-240)/(-56) + -4 + (-1720)/(-7). Let l = j + -110. What is the tens digit of l?
3
Suppose -4164 = -16*b + 16508. What is the tens digit of b?
9
What is the tens digit of (-15)/(-4) - 25/(-20) - -115?
2
Let s(l) be the first derivative of l**3/3 - l**2/2 + 3*l - 12. What is the units digit of s(4)?
5
Suppose 4*v + v = -45. Let n(m) = -12*m - 2. What is the hundreds digit of n(v)?
1
Suppose -67*j - 2448 = -75*j. What is the tens digit of j?
0
What is the tens digit of -14 + (10 - -925) + (4 - 0)?
2
What is the units digit of (-2209)/(-3) + -1 + 20/30?
6
Let p(c) = c**2 - 6*c + 11. Let b be p(4). Suppose 0 = 7*v - b*v - 20, 2*n + 3*v - 181 = 0. What is the tens digit of n?
8
Let p = 747 + 319. What is the units digit of p?
6
Let r = -705 - -1458. What is the tens digit of r?
5
What is the tens digit of (-1 + 1 + -1)*2230/(-5)?
4
Let w = 13095 - 7757. What is the hundreds digit of w?
3
Let a = 17 - 14. Suppose 2*y - 25 = -a*y. Suppose -140 = -3*m - y. What is the units digit of m?
5
Let v(t) = -6*t - 16. Let p be v(-8). Let j = p + 22. What is the tens digit of j?
5
Let p(h) = -h**2 - 17*h - 12. What is the tens digit of p(-9)?
6
Suppose -7 - 16 = -3*l + 4*o, -10 = -4*l - 5*o. Suppose 4*c - 3*j = -0*c + 294, 364 = l*c - 2*j. What is the units digit of c?
2
Suppose -14*a = -16*a + 14. What is the units digit of 646/a - (1 - (-5)/(-7))?
2
Let o = -6 - -7. Let i = 5 - o. Suppose i*g - g = 45. What is the units digit of g?
5
Let l(d) = 2*d**3 + 12*d**2 + 2*d - 39. What is the hundreds digit of l(6)?
8
Let q = 6142 + -2816. What is the units digit of q?
6
Suppose 65*j - 5*y + 1864 = 69*j, -y = -3*j + 1398. What is the hundreds digit of j?
4
Let m be 3 + (-1 - (-2 + -2)). Let a(z) = 0*z - z**3 - m*z + 0*z**3 + 10*z**2. What is the units digit of a(9)?
7
Let g(p) = -2*p**2 - 5*p - 1. Let l be g(-4). Let c = -83 + 54. Let m = l - c. What is the tens digit of m?
1
Let q = 1345 - 503. What is the units digit of q?
2
Let d(s) = 5*s**2 + 40*s + 22. What is the tens digit of d(-12)?
6
Suppose 4*y - 72 = -4*m, 4*y - 2*m - 52 = 8. What is the units digit of y?
6
Let l(j) = -j. Let x(b) = 4*b - 8. Let t(i) = 3*l(i) - x(i). What is the units digit of t(-2)?
2
What is the hundreds digit of 882 + (-8)/24*15?
8
What is the tens digit of (6 - -163)/((-15)/(-135))?
2
Let y be 64/(-6) + 5/(-15). Let o(a) = a**3 + 12*a**2 + 10*a - 12. Let b be o(y). Let m(f) = -7*f + 1. What is the units digit of m(b)?
8
Let q(m) = -m**3 + 3*m**2 + 4*m + 2. Let c be q(4). Let i = c - -27. What is the units digit of i?
9
Let w = -65 + 95. Let z be (36/w)/(4/(-10)). What is the tens digit of (1 + -118)*1/z?
3
Let v(p) = p**3 - 17*p**2 - 8*p - 36. Let i(d) = -16*d + 2. Let u be i(-1). What is the hundreds digit of v(u)?
1
Suppose 0*s - 40 = 5*s. Let l(b) = -20*b - 64. What is the tens digit of l(s)?
9
Let h(z) = 5*z**2 - 2*z + 3. Let u be h(4). Suppose 16 = 5*c + 276. Let g = c + u. What is the units digit of g?
3
Let o(b) = b**2 + 20*b + 21. Let l be o(-19). What is the tens digit of -1 - l*(-265)/10?
5
Let l = 4761 + -2567. What is the units digit of l?
4
Let c = 35 + -17. Let x(t) = -5 + 1 + c*t + 3. What is the units digit of x(1)?
7
Suppose 8*o - 4*o = f + 3, 5*f - 19 = 3*o. What is the hundreds digit of -3*o/12*-2*155?
1
What is the tens digit of ((-28)/(-6) - -2)/((-10)/(-30))?
2
Suppose 2*r = 4*r. Suppose 3*j - 18 = -r*j. What is the units digit of j?
6
Suppose 95*k = 98*k + 3*y - 6717, 3*k + 2*y = 6720. What is the hundreds digit of k?
2
Let b = -98 + 160. Suppose -p + 0*p = -b. What is the tens digit of p?
6
Suppose 8 = -3*c + 5*c. Suppose -a = -134 - c. Suppose 5*d = 22 + a. What is the tens digit of d?
3
Let m(d) = 2*d**2 - 16*d + 22. Let t be m(13). Suppose -t = 2*i - 412. What is the tens digit of i?
3
Let h = 1784 - 231. What is the hundreds digit of h?
5
Suppose -14*p = 5*q - 11*p - 1284, 3*p + 1011 = 4*q. What is the hundreds digit of q?
2
Let k(p) = p**3 + 2*p**2 + p. Let s be k(-2). Let q = s + 6. What is the tens digit of q/26 - (-284)/13?
2
Suppose 2623 + 3237 = 5*p. What is the tens digit of p?
7
Let c = 784 - 64. What is the tens digit of c?
2
Let c(k) = 2*k**2 + 12*k + 76. What is the hundreds digit of c(9)?
3
Let d = -9 + 23. Let n = -12 + d. Suppose 0*a = n*a - 3*t - 91, 197 = 4*a - t. What is the units digit of a?
0
Let n be 0/(3 + -3 + -2). Suppose -5*k + 45 - 15 = n. Suppose 2*f + k = 0, -3*f = 5*x - 0*f - 51. What is the units digit of x?
2
Let d(i) = i - 3*i - 3 + 2*i + i. Let n be d(12). Suppose 2*x - x = n. What is the units digit of x?
9
Let d = -7 - -46. Let k = d + 45. What is the units digit of k?
4
Suppose 0*g + 12 = 4*g. Suppose 36 = g*n -